 digit of k?
8
Let m be (-1 + 0)/(8/464). Let t = m + 193. Suppose 4*d = 3*k + 3*d - 81, 5*k - d - t = 0. What is the tens digit of k?
2
Let g = -54 + 60. Suppose -g*w + 320 = -w. What is the units digit of w?
4
Let k(a) = -2*a + 6. Let g be k(4). Let y = -92 - -94. What is the units digit of (1 - y) + g/(-1)?
1
Let b = -72 - -70. What is the hundreds digit of (3210/18 - b/3)*1?
1
Suppose 0 = -10*u - 24*u + 60996. What is the thousands digit of u?
1
Let w be (5 - -1 - 3)/(6/(-32)). Let v = 68 - w. What is the units digit of v?
4
Suppose -1048 - 3333 = -13*p. What is the tens digit of p?
3
Let l(k) = -k**2 - k + 1. Let m(q) = 9*q**2 - 3. Let n(b) = 2*l(b) + m(b). What is the units digit of n(-1)?
8
Let d(y) = y**3 - 30*y**2 - 31*y + 3. Let w be d(31). Let u be (-3)/9 + (-2)/(-6). Suppose -3*l - w = u, -47 = -0*x - x - l. What is the tens digit of x?
4
Suppose -3*x = -32 - 25. Let a = 21 - x. Suppose 0 = a*w + 2*l - 64, w - 3*w + 34 = -4*l. What is the tens digit of w?
2
Let y = 40 + 61. What is the units digit of y?
1
Suppose -5*l + 2576 = -2229. What is the hundreds digit of l?
9
Suppose 7 + 269 = a. What is the tens digit of a?
7
Let o = -7 + 10. Suppose -3*z + 9 = 0, o*d + 5*z - 125 = 4. Suppose d = 5*s - 37. What is the units digit of s?
5
Let y be 0 + 8 + -3 + -2. Suppose 3*m = 6*m + 5*g - 186, 4*g = y*m - 186. Let f = m - 29. What is the units digit of f?
3
Suppose -4*l + l + 6 = 0. Suppose -12 = -2*q - l. Suppose -4*f + q*f = 17. What is the units digit of f?
7
Let f = -60 + 62. What is the units digit of 1 - (f - (7 + -3))?
3
Suppose -3*z = -2*m + 21, 0 = 2*m + 2*m + 5*z + 13. Suppose -q - 324 = -4*n, -m*q + 8*q = 4*n - 308. What is the units digit of n?
2
Let o be 1246/13 - (-14)/91. Let q(n) = 16*n + 21. Let l be q(-4). Let s = o + l. What is the tens digit of s?
5
Let l(g) be the second derivative of g**3 + 4*g**2 - 5*g. Let s be l(14). Suppose 0*v - s = -4*v - 4*t, -2*v + 46 = t. What is the units digit of v?
3
What is the units digit of (-5 + 1 + 3)*-39?
9
Suppose -3*m - 12 = -3*n + 6, 0 = -2*n + m + 17. Let w = -3 + n. What is the units digit of w?
8
What is the tens digit of 4/(-26) - (-2077981)/2171?
5
Suppose 2*l = 7*n - 5*n + 1106, 0 = -2*n - 10. What is the tens digit of l?
4
Let r(a) = 2*a + 4. Let f(m) = m**2 - 7*m + 4. Let c be f(7). Let n be 26/c + 2/4. What is the tens digit of r(n)?
1
Let q(i) = 2*i**3 - 2*i**2 - i - 1. Suppose 0 = -7*b - 48 - 120. Let f = -22 - b. What is the units digit of q(f)?
5
Let l = 21 + -15. What is the tens digit of -20*((-3)/l + -2)?
5
Let i = 30 - 19. Suppose -4*w - 5*g + 59 = 0, 3*w - 4*g = i + 10. Suppose -j + w = -0. What is the units digit of j?
1
Let j = 1844 - -17. What is the tens digit of j?
6
Suppose 7*l = 1965 + 1304. What is the units digit of l?
7
Suppose 2*s - 29 = -t, 16 - 123 = -4*t + s. What is the units digit of (-18)/t - 952/(-6)?
8
Let q be (2*(-27)/12)/((-12)/16). Suppose d = q*d - 795. What is the units digit of d?
9
Suppose -y + 307 + 226 = 3*t, 5*y - 2654 = -4*t. What is the units digit of y?
0
Let r = 10 + -9. Let d(v) = r - 4 - 4 + v. What is the units digit of d(9)?
2
Let i = 328 + -311. What is the tens digit of i?
1
Let a(d) = 6*d**2 - 39*d + 71. What is the hundreds digit of a(-22)?
8
Let f(n) be the second derivative of 167*n**4/12 - n**3/2 + n**2 - 36*n. What is the units digit of f(1)?
6
Let z(a) be the second derivative of a**5/20 - 13*a**4/12 + 7*a**3/3 - a**2/2 - a. Let n be (-9)/(-54) - (-25)/(-6) - -16. What is the tens digit of z(n)?
2
Let t(q) = -q**3 - 29*q**2 - 27*q - 78. What is the hundreds digit of t(-29)?
7
Let h = 8 + -5. Suppose -c - 112 = -3*c - 2*s, -2*s = -h*c + 148. What is the units digit of c?
2
Suppose -5*t + 3*n + 1849 = -5562, -t - n = -1487. What is the tens digit of t?
8
Let d = -764 + 1794. What is the hundreds digit of d?
0
Suppose 233*b - 224*b - 40995 = 0. What is the thousands digit of b?
4
Suppose -4*m - 2*t = -3478, -5*t = 4*m - 5*m + 886. What is the units digit of m?
1
Let m be (-1)/((-6)/4)*3. Suppose -m*d + 40 = 2*d. Suppose d*b - 7*b - 42 = 0. What is the units digit of b?
4
Let k(l) = l**3 + 14*l**2 + l + 17. Let y be k(-14). Suppose 0 = -2*m - 5*r + 21, 6 = m - 2*m + y*r. What is the units digit of m?
3
Let p = -2403 - -7204. What is the thousands digit of p?
4
Let h = -7673 + 11436. What is the thousands digit of h?
3
What is the units digit of (-6)/4 - (-326724)/152?
8
Let f(g) = 3*g + 23. Let x be f(-7). Suppose 0*k + 24 = x*k. What is the tens digit of k?
1
Suppose -1899 = -3*m + 3*v, -m - v - 3149 = -6*m. What is the units digit of m?
9
Suppose 16*b = 2061 + 2787. What is the units digit of b?
3
Let k(s) = 5*s**2 + 3*s + 1. Let a be k(-2). Suppose a*j = 23*j - 408. What is the tens digit of j?
5
Let f be (-97)/(-19) + 8/(-76). Suppose f*i - 145 = 4*v, -4*v + i - 15 = 110. What is the units digit of v/(25/5)*-9?
4
Let f be 18/(-24)*(-32)/6. Suppose 2 = f*c - 2. Let d = c + 14. What is the units digit of d?
5
Suppose 4*a = 347 + 73. Suppose -2*l + a + 157 = 0. What is the tens digit of l?
3
Let g(b) = -180*b - 22. What is the tens digit of g(-1)?
5
Suppose 0*z = 5*z - 15. Suppose 3*x = 109 + 323. Suppose -z*f + x = f. What is the units digit of f?
6
Suppose -3*m - 3252 = -4*i, -3*i + 959 + 1481 = -2*m. Let v = i - 550. What is the hundreds digit of v?
2
Suppose -8*d + 11*d = 408. Let q = 33 + d. What is the hundreds digit of q?
1
Let u(s) = 12*s**2 + s - 1. Let c be u(2). Let n = 81 - c. Suppose 2 - n = -2*m. What is the units digit of m?
5
Suppose -4*d - 4 + 24 = 0. Let j(n) = 2*n**2 - 73*n + 47. Let m be j(36). Suppose 4*y + 16 - 45 = -d*t, 4*y = 3*t - m. What is the units digit of y?
1
Let q = -11 + 27. Let i be q/(-3) + 4/3. What is the tens digit of ((-42)/(-10))/(i/(-20))?
2
Let b(t) = -t**3 - 7*t**2 + 8*t + 2. Suppose -2*y - 16 + 0 = 0. Let s be b(y). What is the units digit of s/(-2 - -8)*51?
7
Let l = 2 - 0. Let d(g) = -9*g + 81. Let v be d(8). What is the units digit of l/6 - (-51)/v?
6
Let f(a) = 109*a**3 + 6*a - 6. What is the hundreds digit of f(1)?
1
Let z(g) = -3*g**3 + 24*g**2 + 6*g - 34. Let a(x) = -2*x**3 + 12*x**2 + 3*x - 17. Let y(n) = 5*a(n) - 3*z(n). What is the units digit of y(-12)?
3
Let s(m) = m**3 - 6*m**2 - 8*m + 6. Let x be s(13). Suppose 5*f - 10*f = -x. What is the hundreds digit of f?
2
Let l be 6*((-33)/6)/(-1). Let r = 73 + l. What is the tens digit of r?
0
Suppose 4*r + 0 - 12 = 0. Suppose d - 179 = -2*k, k - 57 = -r*d + 30. What is the tens digit of k?
9
Suppose 3*j - 5*l - 5420 + 1165 = 0, 3*l - 4239 = -3*j. What is the thousands digit of j?
1
What is the units digit of 36 - 30 - 169*-1?
5
Let f(n) = -480*n**3 + n**2 - 1. Let h be f(-1). Suppose h = 10*r - 5*r. What is the tens digit of r?
9
Let j be 1*(-9)/(13 + -4). Let f(t) be the first derivative of 8*t**3/3 - 3*t**2/2 - 2*t - 1. What is the units digit of f(j)?
9
Let f(p) = p**2 - 7. Let o be f(-3). What is the tens digit of (-2096)/(-36) + o/(-9)?
5
Suppose -7 = -5*v + 53. Let m(i) = i + 2. Let k be m(v). Let d = k + -13. What is the units digit of d?
1
What is the hundreds digit of -1*((-1376360)/400 + (-1)/10)?
4
Suppose -39*h + 32*h = -12236. What is the tens digit of h?
4
Let c = -2257 - -5627. What is the units digit of c?
0
Suppose -48*m + 18147 = -25*m. What is the tens digit of m?
8
Suppose -r - 3*r = 56. What is the tens digit of (-363)/(-21) - (-4)/r?
1
Suppose -106 = -5*k - 2*r, -3*r + 5 = 2*k - 44. Suppose k = -t + 6*t. Suppose -4*b + 5*j + 160 = -0*j, t*b + j - 136 = 0. What is the units digit of b?
5
Suppose -16 = -6*f + 2*f. Let y(x) = -x**2 - 3*x**2 - 3 + x**2 + 4*x**2 + x. What is the units digit of y(f)?
7
Suppose -4*f + 20 = -2*y, 0 = 4*f + 5*y + 4 + 4. Suppose 2*r - 6 = 2. Let v = r - f. What is the units digit of v?
1
Suppose -1306 = 29*f - 31*f. What is the tens digit of f?
5
Let u be (40/(-28))/((-5)/35). Let l = u - -23. What is the tens digit of l?
3
Suppose -25*k + 33082 = -8*k. What is the thousands digit of k?
1
Let o(n) = -n**2 - 6*n + 5. Suppose -4*w + 4*m = 9*m - 5, 0 = -2*w + 4*m - 30. Let v be o(w). Let c(u) = -u**2 + 12*u - 2. What is the units digit of c(v)?
8
Let m(n) = 45*n**2 - 6*n + 2. Let f be m(2). Suppose 10 = i - 4*p - 39, 5*i - 5*p - f = 0. What is the units digit of i?
9
Let s